**4/8 + 11*f**3/3 - 8*f**2. Let z be l(-11). Let k(x) = x**2 - x - 8. Determine k(z).
-8
Let r(x) = 4*x**2 + 57*x - 31. Let m(v) = -3*v**2 - 51*v + 30. Let p(y) = -5*m(y) - 4*r(y). What is p(26)?
0
Let f be -1 - (-2 - 0 - -2). Let g(c) = 13*c - 192*c**2 - 15*c + 192*c**2 - 1 + 6*c**3. What is g(f)?
-5
Let b(o) = -o**3 - 2*o**2 + 6*o + 3. Suppose u + j - 3 = 8, -4*u - 3*j + 47 = 0. Suppose -u*p - 20 = -9*p. Give b(p).
11
Let j(r) = 0*r - r**2 + 0*r - 56 + 30 + 28. Suppose 0 = -5*p - 0*p + 15. Suppose p*m - m = 0. Calculate j(m).
2
Let h(v) = -2*v + 15. Suppose 13*t - 80*t = 12*t. Calculate h(t).
15
Suppose 0 = 2*z + 2*t - 4, 2*z + t - 5 = -0*z. Let k(c) = -22 - 2*c - 18 + c**2 - c**z + 42. What is k(2)?
-6
Let q(t) = 3*t**3 - 1 + 23*t - 4*t - 2*t**2 - 17*t. Give q(1).
2
Suppose 0 = 5*r + 10, 6 = -v - r - 17. Let i = v + 45. Suppose 0 = 5*c - 4*g - 0*g - 26, -i = -2*c + 5*g. Let k(o) = -2*o**2 + o - 2. Calculate k(c).
-8
Let m(z) = -15*z**2 - 13*z - 12. Let p be m(-1). Let l(h) = h**3 + 15*h**2 + 14*h + 2. What is l(p)?
2
Let p(y) = -27*y**2 + 2*y - 2 + 9*y**2 + 17*y**2. Let b(n) be the second derivative of n**3/6 + 9*n**2/2 + 2*n. Let w be b(-7). Give p(w).
-2
Let r(h) be the third derivative of -h**5/4 + h**4/12 + h**3/6 - h**2. Let p = -447 - -446. Calculate r(p).
-16
Let x(n) be the second derivative of n**4/12 - 3*n**3/2 - n**2/2 - 228*n. Give x(7).
-15
Let m(d) = 3*d - 25. Let n be m(11). Let y(i) = -n*i + 36 + 10*i + 7*i**2 - 35. Let x(g) = -g - 6. Let p be x(-5). Calculate y(p).
6
Let o(n) = n**2 + n. Let i(z) = -4*z**2 + 4*z - 2. Let k(c) = c**2 + 3. Let x be k(0). Let h(r) = x*o(r) + i(r). Calculate h(7).
-2
Suppose 0*c + 6 = 2*p - 2*c, 3*p = -4*c - 12. Suppose 5*m - 4*r + 1 = 0, p = -4*m - 4*r + 26 + 2. Let a(d) = -d**3 + 3*d**2 - d. Calculate a(m).
-3
Let n(w) = -w + 7. Let x(f) = 2*f**2 - 7. Let b be x(-5). Let q = b - 27. Let z = q + -10. Determine n(z).
1
Let p(q) = -5 - 34*q**2 - q**3 + 62*q**2 + 4 + 9*q - 34*q**2. Calculate p(-7).
-15
Let j(d) = -d + 9. Let r be j(5). Suppose 0 = -3*v + 5 + r, -27 = -4*n - 5*v. Let s(b) = -3*b + 2. Calculate s(n).
-7
Let v(c) = c**2 + 7*c - 4. Let g(i) = i**2 + 8*i - 3. Let s(u) = 3*g(u) - 4*v(u). Let r(b) = b**3 + b**2 - b - 6. Let f be r(0). Determine s(f).
-5
Let w(g) = g**3 + g**2 - g + 1. Let h(p) = -5*p**3 - 2*p**2 + 6*p - 3. Let r(l) = -h(l) - 6*w(l). Let o be 3 - 1 - 1 - 1 - 4. What is r(o)?
-3
Let r(y) = -y - 1. Let c(w) be the second derivative of -w**3 - w**2 + 6*w. Let s(l) = -c(l) + 5*r(l). Give s(2).
-1
Let a be 20/6 - 1/3. Suppose a = 3*j - 0*j. Let x = 2 + j. Let i(o) = o**2 - 1. Give i(x).
8
Let s(v) be the first derivative of 0*v**2 - 1/120*v**5 + 1/8*v**4 - 1/360*v**6 + 0*v + 3 - 2/3*v**3. Let z(p) be the third derivative of s(p). Calculate z(-4).
-9
Let k = -12 - -17. Let o(n) = -n**3 + 6*n**2 - 7*n - 1. Let u(f) = -f**3 + 6*f**2 - 6*f. Let m(b) = -2*o(b) + 3*u(b). Determine m(k).
7
Let f(p) = 1 - 3*p**2 + 3*p**2 + 2*p - p**3 + 0. Suppose 2*r = -3*r + 20. Let m(d) = d - 5. Let a be m(r). What is f(a)?
0
Let r(g) = -g - 11. Let v(o) = -o - 10. Let h(c) = -5*r(c) + 6*v(c). Suppose 10*l = -15*l. What is h(l)?
-5
Let j(k) be the first derivative of -k**4/4 + 8*k**3/3 - 3*k**2 + k + 1. Let c = 2205 + -2198. Give j(c).
8
Let p(g) = -g + 6. Let f be p(4). Let r(o) = 3*o - 5. Let v be r(f). Suppose -s - 1 = v. Let j(u) = u**2 + 2*u + 1. Determine j(s).
1
Let p(m) = m**3 - 6*m**2 - 2*m + 8. Let l be 124/(-12) + 1/3. Let x = 9 + l. Let y be (-4)/1 - x - -9. What is p(y)?
-4
Let w(s) = s + 8. Suppose 38*v = 40*v + 22. Determine w(v).
-3
Let m(o) = o**2 - 17*o + 5. Suppose -352*b - 216 = -364*b. Calculate m(b).
23
Suppose -4*x + 5*p = -23, -4 = x + 5*p - 3*p. Let j(o) = -22*o**2 + 2*o**3 + 13*o**2 + 2 + 6*o**x - 3*o**3. What is j(-2)?
-2
Let q = -46 + 51. Let b(n) = q*n - 10*n + n**2 + 8*n + 0 - 2. What is b(2)?
8
Let m be 1*(2 - (-1 + 11)). Let s be 28/m + 1/(-2). Let j(t) = -t**3 - 4*t**2 + 3*t. What is j(s)?
-12
Let t(q) = q**3 + 4*q**2 + 4*q + 5. Let p(r) = 4*r**3 + 13*r**2 + 13*r + 16. Let c(y) = 2*p(y) - 7*t(y). Let w = -92 - -95. What is c(w)?
0
Suppose -6*c = -2*c + 4. Let o(q) be the first derivative of 5*q**4/12 - 49*q + 1. Let f(b) be the first derivative of o(b). Give f(c).
5
Let j(m) = -5*m**3 - 154*m**2 + 30*m - 8. Let v be j(-31). Let t(k) = -k**3 + 24*k**2 - 24*k + 30. Give t(v).
7
Let k(t) = -t**3 - 5*t**2 + 5*t - 3. Let z be k(-6). Let n(v) = v**2 + 1. Let j(r) = 2*r**2 + 3*r. Let c(i) = z*n(i) - j(i). What is c(2)?
1
Let u(z) be the first derivative of z**2 + 16*z - 456. Give u(-10).
-4
Let f(t) = t**3 - 11*t**2 + 5*t + 38. Let s be f(10). Let m(o) = -o**2 - 11*o + 5. Give m(s).
-7
Let a(k) = k - 14. Let d(z) = 3*z - 47. Let p(t) = 7*a(t) - 2*d(t). Let i be 1/(-2)*(-24)/2. Determine p(i).
2
Let p be (-14 + 333/18)*4/3. Let x(q) = 4*q + 2. Determine x(p).
26
Let k(h) = 5*h**3 + 9*h**2 - 4*h + 65. Let l(g) = g**3 + 2*g**2 - g + 16. Let r(y) = -2*k(y) + 9*l(y). Calculate r(0).
14
Suppose 0 = -0*a + 5*a - 10. Let h(c) = -2*c - c - a + c**2 + 12*c - 5. Calculate h(-9).
-7
Let t(h) be the second derivative of -h**3/6 + 7*h**2/2 + 2*h + 5. Give t(0).
7
Let u(j) = -j**2 + 2*j - 1. Suppose -4*f = -2*f - 10. Let d(r) = r**2 - r + 1. Let l(x) = f*u(x) + 4*d(x). Calculate l(7).
-8
Suppose 4*d + 9 = d. Let x(n) be the first derivative of 3*n**2/2 + n + 102. Give x(d).
-8
Let t(w) = -w**2 - 3*w + 3. Let l be (-15)/10*4/6. Let c(f) = -3*f**3 - 4*f**2 - 4*f - 1. Let r be c(l). Calculate t(r).
-7
Let z(k) = -17*k**3 + 14*k**2 - 13*k + 4. Let l(t) = 7*t**3 - 7*t**2 + 7*t - 1. Let r(j) = 5*l(j) + 2*z(j). What is r(3)?
-6
Suppose 4*d = -d - s - 22, -d = s + 6. Let k(u) = u**2 + 2*u + 5. What is k(d)?
13
Let i(q) = -29*q**3 + 2*q**2 + 6*q + 5. Let x be i(-1). Let l(c) = -c + 27. What is l(x)?
-3
Let l(s) = s**2 - 7*s + 1. Suppose -3*q - 6 = d + q, 5*q = -4*d + 9. Give l(d).
-5
Let k(u) be the third derivative of -u**6/24 + u**4/24 - 80*u**2. Calculate k(-1).
4
Let z(j) = -11*j + 114*j**3 + 7 - 5*j**2 - j**2 - 113*j**3. Give z(7).
-21
Suppose -3*j + 8 + 7 = 0. Suppose j = c - 0. Let v(q) be the first derivative of -q**3/3 + 2*q**2 + 6*q + 13. What is v(c)?
1
Let t(f) be the first derivative of f**4/4 - 7. Let v be t(-1). Let z(i) = i**2 + 11*i + 4. Let w(k) = -k. Let g(x) = v*z(x) - 4*w(x). What is g(-6)?
2
Let q(d) = -23*d + 68. Let b(t) = 16*t - 45. Let m(u) = 7*b(u) + 5*q(u). Calculate m(8).
1
Let b(y) be the second derivative of -y**4/12 + 5*y**3/3 - 9*y**2/2 - y - 55. Determine b(8).
7
Let o(i) = i**3 + 11*i**2 - 8*i + 14. Let p(c) = -c**3 - 11*c**2 + 9*c - 13. Let s(y) = -2*o(y) - 3*p(y). Determine s(-12).
-1
Let r(g) be the first derivative of g - 1/2*g**2 + 2/3*g**3 - 2. Suppose 3*m = 1 + 5. Give r(m).
7
Let j(s) be the first derivative of 8*s**3/3 - s**2/2 + 2*s - 25. Calculate j(1).
9
Let g(o) be the third derivative of o**6/120 - 2*o**5/15 + o**4/3 - o**3 + 64*o**2 + 1. Give g(7).
1
Let g(w) = 2*w + 5 - w**2 - w - 5*w. Let c be g(-4). Let j(k) = -7*k + 5*k**2 - 38 + 21 - 4*k**2 + 23. Give j(c).
-4
Suppose -5*c = 2*z + 6, 10 = -5*z - 2*c - 5. Let d(g) be the third derivative of -1/24*g**4 + 0 - 1/2*g**3 + 0*g - 3*g**2. Determine d(z).
0
Let l(p) = -5*p - 18. Let f(k) = -k - 5. Let d(n) = 9*f(n) - 2*l(n). Calculate d(10).
1
Let c(d) = d**3 + 10*d**2 + 9. Let j(p) = -p**3 + 7*p**2 + 6*p + 6. Let s be j(8). Calculate c(s).
9
Let l(f) = -52*f. Let o(s) = -42*s. Let v(a) = 4*l(a) - 5*o(a). What is v(2)?
4
Let o(y) be the first derivative of 3*y**2/2 + 22*y - 282. What is o(-11)?
-11
Let j(h) = -h**3 + 3*h**2 - 2*h + 6. Let d = -52 - -56. Give j(d).
-18
Suppose 0 = -4*v - 11 + 35. Let g(p) = p**2 - 4*p + 2. Let i be g(4). Let q(b) = 3*b**2 - v*b + i*b + 4 - 1. Determine q(2).
7
Let t(x) = -x**2 - 3*x - 2. Suppose 5*p - 3*y = -21 - 5, -3*p = -3*y + 12. Give t(p).
-30
Let q(w) be the first derivative of w**2/2 - 11*w + 101. What is q(5)?
-6
Suppose 4*n + 198 = 10*n. Let l be (-39)/52 - n/4. Let g(x) = x**2 + 9*x + 1. Calculate g(l).
1
Let d(k) = 10*k - 2. Suppose -n = -2*n - 3*t - 17, 5*t = 2*n + 67. Let r = 28 + n. Determine d(r).
18
Let q(x) = 6*x + 4. Let d = -180 + 176. Determine q(d).
-20
Let b be (-9)/(-3)*(-5)/5. Let q(u) = -9*u + 9. Let m(f) = -9*f + 8. Let n(k) = 6*m(k) - 5*